{"id":5,"date":"2024-01-09T09:17:08","date_gmt":"2024-01-09T08:17:08","guid":{"rendered":"https:\/\/onyvavtc.com\/index.php\/about\/"},"modified":"2024-04-01T14:29:48","modified_gmt":"2024-04-01T12:29:48","slug":"a-propos-de-nous","status":"publish","type":"page","link":"https:\/\/onyvavtc.com\/index.php\/a-propos-de-nous\/","title":{"rendered":"\u00c0 propos de nous"},"content":{"rendered":"\t\t<div data-elementor-type=\"wp-post\" data-elementor-id=\"5\" class=\"elementor elementor-5\" data-elementor-post-type=\"page\">\n\t\t\t\t<div class=\"elementor-element elementor-element-5f02ddf e-flex e-con-boxed e-con e-parent\" data-id=\"5f02ddf\" data-element_type=\"container\" data-e-type=\"container\" data-settings=\"{&quot;background_background&quot;:&quot;classic&quot;}\">\n\t\t\t\t\t<div class=\"e-con-inner\">\n\t\t<div class=\"elementor-element elementor-element-0502d81 e-con-full e-flex e-con e-child\" data-id=\"0502d81\" data-element_type=\"container\" data-e-type=\"container\">\n\t\t\t\t<div class=\"elementor-element elementor-element-03d202b elementor-widget elementor-widget-heading\" data-id=\"03d202b\" data-element_type=\"widget\" data-e-type=\"widget\" data-widget_type=\"heading.default\">\n\t\t\t\t<div class=\"elementor-widget-container\">\n\t\t\t\t\t<h1 class=\"elementor-heading-title elementor-size-default\">\u00e0 propos de nous<\/h1>\t\t\t\t<\/div>\n\t\t\t\t<\/div>\n\t\t\t\t<\/div>\n\t\t\t\t\t<\/div>\n\t\t\t\t<\/div>\n\t\t<div class=\"elementor-element elementor-element-ce23579 e-con-full e-flex e-con e-parent\" data-id=\"ce23579\" data-element_type=\"container\" data-e-type=\"container\">\n\t\t<div class=\"elementor-element elementor-element-89a7aec e-con-full e-flex e-con e-child\" data-id=\"89a7aec\" data-element_type=\"container\" data-e-type=\"container\">\n\t\t\t\t<div class=\"elementor-element elementor-element-a01f0dc elementor-widget elementor-widget-heading\" data-id=\"a01f0dc\" data-element_type=\"widget\" data-e-type=\"widget\" data-widget_type=\"heading.default\">\n\t\t\t\t<div class=\"elementor-widget-container\">\n\t\t\t\t\t<h2 class=\"elementor-heading-title elementor-size-default\">Notre mission<\/h2>\t\t\t\t<\/div>\n\t\t\t\t<\/div>\n\t\t\t\t<div class=\"elementor-element elementor-element-c43b3dd elementor-widget-divider--view-line elementor-widget elementor-widget-divider\" data-id=\"c43b3dd\" data-element_type=\"widget\" data-e-type=\"widget\" data-widget_type=\"divider.default\">\n\t\t\t\t<div class=\"elementor-widget-container\">\n\t\t\t\t\t\t\t<div class=\"elementor-divider\">\n\t\t\t<span class=\"elementor-divider-separator\">\n\t\t\t\t\t\t<\/span>\n\t\t<\/div>\n\t\t\t\t\t\t<\/div>\n\t\t\t\t<\/div>\n\t\t\t\t<div class=\"elementor-element elementor-element-e871351 elementor-widget__width-initial elementor-widget elementor-widget-text-editor\" data-id=\"e871351\" data-element_type=\"widget\" data-e-type=\"widget\" data-widget_type=\"text-editor.default\">\n\t\t\t\t<div class=\"elementor-widget-container\">\n\t\t\t\t\t\t\t\t\t<p>\u00ab\u00a0On y va VTC : Votre Partenaire de Confiance pour les Transports \u00e0 Provins, Couloummier, \u00cele de France<\/p>\n<p>Chez On y va VTC, nous sommes fiers de vous offrir nos services de transport en taxi chauffeur VTC dans la r\u00e9gion .&nbsp;<\/p>\n<p>Forts de notre exp\u00e9rience et de la satisfaction de nombreux clients au fil des ann\u00e9es, nous sommes d\u00e9termin\u00e9s \u00e0 vous proposer une exp\u00e9rience de transport exceptionnelle, que vos trajets soient courts, moyens ou longue distance.<\/p>\n<p>Notre service de taxi VTC est \u00e0 votre disposition 24 heures sur 24, 7 jours sur 7, pour r\u00e9pondre \u00e0 tous vos besoins, que ce soit pour des d\u00e9placements professionnels ou personnels. Nous comprenons l&rsquo;importance de la r\u00e9activit\u00e9, c&rsquo;est pourquoi nous sommes toujours pr\u00eats \u00e0 r\u00e9pondre \u00e0 vos demandes de derni\u00e8re minute, afin de vous garantir un service de qualit\u00e9 sans faille.<\/p>\n<p>Chez On y va VTC, nous avons \u00e0 c\u0153ur de vous offrir un service professionnel et fiable \u00e0 la hauteur de vos attentes. Nous mettons tout en \u0153uvre pour que chaque voyage avec nous soit confortable et s\u00e9curis\u00e9, et nous sommes d\u00e9termin\u00e9s \u00e0 vous offrir une exp\u00e9rience de transport sans souci.<\/p>\n<p>N&rsquo;h\u00e9sitez plus, faites-nous confiance pour tous vos d\u00e9placements en toute \u00cele de France. R\u00e9servez votre trajet d\u00e8s maintenant et d\u00e9couvrez pourquoi On y va VTC est le choix pr\u00e9f\u00e9r\u00e9 des voyageurs exigeants. Parce que chez nous, chaque voyage compte.\u00a0\u00bb<\/p>\t\t\t\t\t\t\t\t<\/div>\n\t\t\t\t<\/div>\n\t\t\t\t<\/div>\n\t\t<div class=\"elementor-element elementor-element-e8e4600 e-con-full e-flex e-con e-child\" data-id=\"e8e4600\" data-element_type=\"container\" data-e-type=\"container\">\n\t\t\t\t<div class=\"elementor-element elementor-element-6060d91 elementor-widget elementor-widget-image\" data-id=\"6060d91\" data-element_type=\"widget\" data-e-type=\"widget\" data-widget_type=\"image.default\">\n\t\t\t\t<div class=\"elementor-widget-container\">\n\t\t\t\t\t\t\t\t\t\t\t\t\t\t\t<img fetchpriority=\"high\" decoding=\"async\" width=\"768\" height=\"512\" src=\"https:\/\/onyvavtc.com\/wp-content\/uploads\/2024\/01\/pexels-borys-zaitsev-7985589-768x512.jpg\" class=\"attachment-medium_large size-medium_large wp-image-1303\" alt=\"\" srcset=\"https:\/\/onyvavtc.com\/wp-content\/uploads\/2024\/01\/pexels-borys-zaitsev-7985589-768x512.jpg 768w, https:\/\/onyvavtc.com\/wp-content\/uploads\/2024\/01\/pexels-borys-zaitsev-7985589-300x200.jpg 300w, https:\/\/onyvavtc.com\/wp-content\/uploads\/2024\/01\/pexels-borys-zaitsev-7985589-1024x683.jpg 1024w, https:\/\/onyvavtc.com\/wp-content\/uploads\/2024\/01\/pexels-borys-zaitsev-7985589-1536x1024.jpg 1536w, https:\/\/onyvavtc.com\/wp-content\/uploads\/2024\/01\/pexels-borys-zaitsev-7985589-2048x1365.jpg 2048w, https:\/\/onyvavtc.com\/wp-content\/uploads\/2024\/01\/pexels-borys-zaitsev-7985589-460x306.jpg 460w, https:\/\/onyvavtc.com\/wp-content\/uploads\/2024\/01\/pexels-borys-zaitsev-7985589-800x533.jpg 800w, https:\/\/onyvavtc.com\/wp-content\/uploads\/2024\/01\/pexels-borys-zaitsev-7985589-600x400.jpg 600w\" sizes=\"(max-width: 768px) 100vw, 768px\" \/>\t\t\t\t\t\t\t\t\t\t\t\t\t\t\t<\/div>\n\t\t\t\t<\/div>\n\t\t\t\t<\/div>\n\t\t\t\t<\/div>\n\t\t\t\t<\/div>\n\t\t","protected":false},"excerpt":{"rendered":"<p>\u00e0 propos de nous Notre mission \u00ab\u00a0On y va VTC : Votre Partenaire de Confiance pour les Transports \u00e0 Provins, Couloummier, \u00cele de France Chez On y va VTC, nous sommes fiers de vous offrir nos services de transport en taxi chauffeur VTC dans la r\u00e9gion .&nbsp; Forts de notre exp\u00e9rience et de la satisfaction [&hellip;]<\/p>\n","protected":false},"author":1,"featured_media":0,"parent":0,"menu_order":0,"comment_status":"closed","ping_status":"closed","template":"","meta":{"om_disable_all_campaigns":false,"_monsterinsights_skip_tracking":false,"_monsterinsights_sitenote_active":false,"_monsterinsights_sitenote_note":"","_monsterinsights_sitenote_category":0,"site-sidebar-layout":"no-sidebar","site-content-layout":"page-builder","ast-site-content-layout":"full-width-container","site-content-style":"unboxed","site-sidebar-style":"unboxed","ast-global-header-display":"","ast-banner-title-visibility":"","ast-main-header-display":"","ast-hfb-above-header-display":"","ast-hfb-below-header-display":"","ast-hfb-mobile-header-display":"","site-post-title":"disabled","ast-breadcrumbs-content":"","ast-featured-img":"disabled","footer-sml-layout":"","ast-disable-related-posts":"","theme-transparent-header-meta":"enabled","adv-header-id-meta":"","stick-header-meta":"","header-above-stick-meta":"","header-main-stick-meta":"","header-below-stick-meta":"","astra-migrate-meta-layouts":"set","ast-page-background-enabled":"default","ast-page-background-meta":{"desktop":{"background-color":"","background-image":"","background-repeat":"repeat","background-position":"center center","background-size":"auto","background-attachment":"scroll","background-type":"","background-media":"","overlay-type":"","overlay-color":"","overlay-opacity":"","overlay-gradient":""},"tablet":{"background-color":"","background-image":"","background-repeat":"repeat","background-position":"center center","background-size":"auto","background-attachment":"scroll","background-type":"","background-media":"","overlay-type":"","overlay-color":"","overlay-opacity":"","overlay-gradient":""},"mobile":{"background-color":"","background-image":"","background-repeat":"repeat","background-position":"center center","background-size":"auto","background-attachment":"scroll","background-type":"","background-media":"","overlay-type":"","overlay-color":"","overlay-opacity":"","overlay-gradient":""}},"ast-content-background-meta":{"desktop":{"background-color":"var(--ast-global-color-4)","background-image":"","background-repeat":"repeat","background-position":"center center","background-size":"auto","background-attachment":"scroll","background-type":"","background-media":"","overlay-type":"","overlay-color":"","overlay-opacity":"","overlay-gradient":""},"tablet":{"background-color":"var(--ast-global-color-4)","background-image":"","background-repeat":"repeat","background-position":"center center","background-size":"auto","background-attachment":"scroll","background-type":"","background-media":"","overlay-type":"","overlay-color":"","overlay-opacity":"","overlay-gradient":""},"mobile":{"background-color":"var(--ast-global-color-4)","background-image":"","background-repeat":"repeat","background-position":"center center","background-size":"auto","background-attachment":"scroll","background-type":"","background-media":"","overlay-type":"","overlay-color":"","overlay-opacity":"","overlay-gradient":""}},"footnotes":""},"class_list":["post-5","page","type-page","status-publish","hentry"],"aioseo_notices":[],"jetpack_sharing_enabled":true,"_links":{"self":[{"href":"https:\/\/onyvavtc.com\/index.php\/wp-json\/wp\/v2\/pages\/5","targetHints":{"allow":["GET"]}}],"collection":[{"href":"https:\/\/onyvavtc.com\/index.php\/wp-json\/wp\/v2\/pages"}],"about":[{"href":"https:\/\/onyvavtc.com\/index.php\/wp-json\/wp\/v2\/types\/page"}],"author":[{"embeddable":true,"href":"https:\/\/onyvavtc.com\/index.php\/wp-json\/wp\/v2\/users\/1"}],"replies":[{"embeddable":true,"href":"https:\/\/onyvavtc.com\/index.php\/wp-json\/wp\/v2\/comments?post=5"}],"version-history":[{"count":7,"href":"https:\/\/onyvavtc.com\/index.php\/wp-json\/wp\/v2\/pages\/5\/revisions"}],"predecessor-version":[{"id":1362,"href":"https:\/\/onyvavtc.com\/index.php\/wp-json\/wp\/v2\/pages\/5\/revisions\/1362"}],"wp:attachment":[{"href":"https:\/\/onyvavtc.com\/index.php\/wp-json\/wp\/v2\/media?parent=5"}],"curies":[{"name":"wp","href":"https:\/\/api.w.org\/{rel}","templated":true}]}}